or of 56619 and 999?
27
What is the highest common divisor of 99600 and 8?
8
Calculate the highest common factor of 2412 and 444.
12
What is the greatest common divisor of 2943 and 10137?
327
Calculate the greatest common divisor of 299172 and 2097.
699
What is the greatest common divisor of 46 and 426926?
46
What is the highest common factor of 43484 and 7728?
28
Calculate the greatest common divisor of 54 and 9672.
6
What is the highest common factor of 2325 and 2263?
31
Calculate the highest common divisor of 18078 and 322.
46
Calculate the greatest common factor of 283442 and 323.
19
What is the greatest common factor of 149557 and 3017?
431
Calculate the highest common factor of 17934 and 18.
6
What is the greatest common factor of 555493 and 159?
53
Calculate the highest common divisor of 1528008 and 24.
24
What is the greatest common factor of 208 and 1599208?
104
Calculate the highest common factor of 326 and 604.
2
Calculate the highest common divisor of 25 and 162.
1
Calculate the greatest common divisor of 174623 and 1048.
131
What is the greatest common divisor of 231 and 12628?
77
What is the greatest common divisor of 4 and 24884?
4
Calculate the highest common factor of 1050 and 713850.
150
What is the greatest common divisor of 143 and 6138?
11
What is the greatest common factor of 984 and 597165?
123
Calculate the greatest common factor of 1805 and 31920.
95
What is the greatest common factor of 15228 and 3204?
36
What is the greatest common divisor of 22 and 458?
2
What is the highest common divisor of 348 and 164488?
116
What is the highest common divisor of 63 and 27?
9
Calculate the highest common divisor of 3328065 and 135.
45
What is the greatest common divisor of 39525 and 186?
93
Calculate the greatest common divisor of 306493 and 1122.
187
What is the highest common factor of 4066394 and 186?
62
Calculate the greatest common divisor of 472291 and 699.
233
Calculate the greatest common divisor of 622278 and 181.
181
Calculate the highest common divisor of 732 and 324.
12
Calculate the highest common factor of 250699 and 68.
17
What is the highest common divisor of 262029 and 57?
57
Calculate the greatest common factor of 12595 and 495.
55
What is the highest common factor of 24 and 486?
6
Calculate the greatest common divisor of 5078505 and 3.
3
What is the highest common factor of 99 and 80047?
11
What is the highest common factor of 16 and 2708?
4
What is the greatest common factor of 1640 and 171980?
20
What is the greatest common factor of 205 and 16195?
205
Calculate the greatest common divisor of 4465 and 3895.
95
What is the highest common divisor of 45510 and 4428?
246
What is the greatest common factor of 4 and 123236?
4
Calculate the greatest common factor of 3360 and 6216.
168
Calculate the highest common factor of 23 and 4464047.
23
Calculate the highest common factor of 24 and 558064.
8
What is the highest common factor of 356 and 49573?
89
What is the highest common divisor of 760035 and 345?
345
What is the highest common divisor of 2079 and 2667?
21
Calculate the greatest common divisor of 8937 and 54.
27
What is the greatest common factor of 943 and 276?
23
Calculate the highest common factor of 2426 and 20.
2
Calculate the highest common divisor of 90 and 8130.
30
What is the greatest common divisor of 577018 and 26?
26
Calculate the greatest common divisor of 1367505 and 45.
45
What is the greatest common factor of 1232 and 7872?
16
What is the greatest common factor of 3092 and 153827?
773
What is the greatest common divisor of 661257 and 1539?
513
Calculate the highest common factor of 358 and 2001578.
358
What is the greatest common factor of 951 and 753?
3
Calculate the highest common factor of 9 and 864090.
9
What is the highest common factor of 15168 and 23068?
316
Calculate the highest common factor of 171 and 1478637.
171
What is the highest common divisor of 41 and 14227?
41
Calculate the highest common divisor of 1137 and 15539.
379
Calculate the greatest common divisor of 288 and 1082784.
96
Calculate the highest common divisor of 245335 and 834.
139
What is the greatest common divisor of 29253 and 147?
147
Calculate the greatest common factor of 1413 and 288.
9
What is the greatest common factor of 73606 and 16?
2
Calculate the highest common divisor of 1584 and 6424.
88
What is the highest common factor of 130376 and 8?
8
Calculate the highest common divisor of 208 and 214736.
16
Calculate the greatest common factor of 920 and 2392.
184
What is the highest common divisor of 168 and 80416?
56
Calculate the highest common divisor of 5601760 and 157.
157
What is the highest common divisor of 30 and 649150?
10
Calculate the greatest common factor of 11116 and 55183.
397
Calculate the greatest common factor of 5313 and 4048.
253
What is the greatest common divisor of 411 and 130561?
137
Calculate the greatest common divisor of 673764 and 3276.
1092
Calculate the greatest common factor of 35 and 3051629.
7
Calculate the greatest common factor of 1173760 and 3920.
560
Calculate the greatest common divisor of 70 and 3871.
7
Calculate the highest common factor of 91 and 4179.
7
Calculate the highest common factor of 27161 and 3979.
173
What is the greatest common divisor of 588 and 88396?
196
What is the greatest common factor of 10568091 and 47?
47
Calculate the highest common factor of 130 and 345520.
10
Calculate the greatest common divisor of 1530180 and 18.
18
Calculate the highest common factor of 469105 and 455.
455
Calculate the greatest common divisor of 37921 and 26.
13
Calculate the highest common factor of 2362215 and 492.
123
Calculate the highest common factor of 52 and 2677792.
52
What is the highest common divisor of 19 and 547?
1
What is the greatest common divisor of 197591 and 354?
59
What is the greatest common factor of 7733 and 194731?
703
Calculate the highest common factor of 358895 and 2685.
895
Calculate the highest common divisor of 279 and 155.
31
Calculate the greatest common factor of 495 and 320.
5
What is the highest common factor of 63 and 70847?
7
What is the greatest common divisor of 232 and 5477288?
232
Calculate the highest common divisor of 86611 and 7.
7
What is the greatest common divisor of 9 and 1245366?
9
What is the greatest common factor of 2358 and 102?
6
Calculate the highest common factor of 126783 and 117.
9
What is the highest common divisor of 884 and 621452?
884
Calculate the greatest common divisor of 6 and 4588.
2
What is the highest common divisor of 429 and 6123?
39
Calculate the greatest common factor of 126 and 4392.
18
Calculate the highest common divisor of 812 and 386396.
116
What is the highest common divisor of 4 and 87844?
4
What is the highest common divisor of 49 and 1162378?
49
What is the greatest common factor of 485761 and 1841?
263
What is the highest common divisor of 40 and 18910?
10
Calculate the highest common divisor of 1960 and 940.
20
Calculate the highest common divisor of 477 and 4.
1
What is the highest common factor of 1369 and 1411439?
1369
What is the highest common divisor of 62395 and 5?
5
Calculate the greatest common divisor of 1785 and 102510.
255
What is the greatest common factor of 2726 and 42206?
94
What is the greatest common divisor of 18 and 1388?
2
Calculate the greatest common factor of 20315 and 2125.
85
What is the highest common divisor of 95 and 41933?
19
Calculate the highest common factor of 20 and 7661980.
20
Calculate the highest common factor of 6640 and 140.
20
What is the highest common factor of 48600 and 6800?
200
What is the highest common divisor of 1032 and 167664?
24
Calculate the greatest common factor of 1235925 and 525.
75
What is the greatest common divisor of 8127 and 189?
189
What is the greatest common factor of 614 and 66619?
307
Calculate the highest common divisor of 686637 and 10143.
441
What is the greatest common factor of 35 and 63840?
35
Calculate the highest common divisor of 5485646 and 758.
758
What is the greatest common factor of 366 and 261202?
122
Calculate the highest common divisor of 265909 and 7.
7
Calculate the highest common factor of 19776 and 168.
24
Calculate the highest common factor of 8 and 641.
1
What is the greatest common factor of 31568 and